t o(g) = g - 65. Let j(l) = 5*o(l) + 4*r(l). Let q be j(14). What is p(q)?
-4
Suppose 14*g + 494 = 52*g. Suppose 2*z - 9 = 2*s - g, s + 3 = 2*z. Let b(l) = -l**3 + 8*l**2 - 7*l - 5. What is b(s)?
-5
Suppose 33*f = 17*f + 448. Suppose 4*b - p - 25 = 0, -4*p + 8*p = 4*b - f. Let x(y) = -y**3 + 7*y**2 - 5*y - 7. What is x(b)?
-1
Let p(x) = -14*x**2 + 5*x - 6. Let h(i) = 3*i**2 - i + 1. Let n(d) = 11*h(d) + 2*p(d). Suppose 0 = 2*t - 9*t - 7. Let o = t - 0. Give n(o).
5
Let k(z) = 21*z**3 + 3*z**2 + 3*z + 4. Let x(i) = 60*i**3 + 8*i**2 + 8*i + 11. Let c(p) = 8*k(p) - 3*x(p). Calculate c(-1).
11
Let a(f) be the first derivative of -f**4/4 - 8*f**3/3 + 13*f**2 - 64*f + 3214. Determine a(-11).
13
Let p(j) be the third derivative of -j**6/120 + 2*j**5/15 + 5*j**4/12 - j**3/2 - j**2. Suppose -4*g + 3*v + 21 = 0, 12128*v = 4*g + 12130*v - 46. Give p(g).
6
Let f(n) = -3*n + 16. Let u = -1891 - -1895. Give f(u).
4
Let x = 2628 - 2655. Let w(y) = -2*y - 42. Give w(x).
12
Let t(o) = -o**3 - 10*o**2 - 2*o - 16. Let u be t(-10). Let x(l) = -8*l - u*l - 7 + 13*l. Let b be 12*(-2 + (-32)/(-12)). Determine x(b).
1
Let x(o) = o**3 + 8*o**2 + 9*o - 3. Let k be (-3)/9 - 154/(-21). Let p(f) = 2*f**2 - 5*f - 70. Let l be p(k). What is x(l)?
-17
Let c(x) = -2*x + 8. Suppose -2*k - y = 12, -3*k + 4*y + 4 = -0. Calculate c(k).
16
Let m be (-8)/((-32)/10)*2. Suppose 5*q = 25 - m. Let i(j) = j**3 - 3*j**2 - 2*j + 2. Calculate i(q).
10
Let s(j) = -48*j + 1049. Let b be s(22). Let g(q) = q**3 + 5*q**2 - 10*q - 5. Determine g(b).
-33
Let y(g) be the first derivative of -g**4/2 - 14*g**3/3 - 3*g**2 - 32*g + 3742. Give y(-7).
10
Let h(j) = -13*j - 20*j - 14 - 20*j - 12 + 49*j. Determine h(-11).
18
Let d be -17 - -5*((-168)/15)/(-7). Let g(r) = -r**2 - 13*r - 25. What is g(d)?
11
Suppose 3*q - 254 = 178. Let w(n) = -q*n + 288*n - 145*n. Let h be (-11)/(44/(-16)) - (-6)/2. Calculate w(h).
-7
Let z(v) be the third derivative of -3*v**4/8 - 5*v**3 + 5*v**2 - 73*v. What is z(-2)?
-12
Let n(r) = 17*r**3 + 34*r**2 + 170*r + 11. Let q(x) = -4*x**3 - 9*x**2 - 42*x - 3. Let i(u) = -3*n(u) - 13*q(u). What is i(-12)?
6
Let j(r) = 6*r - 1. Suppose -16*o + 13 - 67 = 2*o. What is j(o)?
-19
Let w(c) = -c**2 - 11*c - 12. Let m = 107 - 109. Let q(v) = v**3 - v**2 + 4*v + 10. Let g be q(m). Calculate w(g).
-2
Let l(j) = 2*j**2 - 74*j + 539. Let y be l(27). Let p(b) = -19*b + 4. What is p(y)?
23
Let h(k) be the third derivative of -1/4*k**4 - 4/3*k**3 + 4*k**2 + 0*k + 0 + 1/60*k**5. Let a = -1044 + 1051. Give h(a).
-1
Let n(w) = -6*w + 4. Suppose -2*v = -67 - 15. Let r = -35 + v. Let m be (4/r)/((-6)/(-27)). Determine n(m).
-14
Let o = -5650 - -5647. Let l(t) = -7*t - 21. What is l(o)?
0
Suppose 9*k = 26 + 1. Let x(b) = -68*b + 136*b - 1 - 6*b**2 + b**3 + 3 - 58*b - k. What is x(4)?
7
Let r be 50/2 + (-37202)/979. Let w(i) = 7*i - 4*i**2 + 6*i + 2 + 5*i**2. Calculate w(r).
2
Let p be (-138)/(-9) + (-56)/(-84). Let b(z) = 2*z**2 - 2 + p*z - z**2 - 9*z - z**2 - z**2. Suppose 22 - 8 = 2*s. Calculate b(s).
-2
Suppose 5*p + 710 = -4*h, 4*h = -2*p + p - 126. Let x = p - -144. Let v(y) = 2*y**2 - y - 1. Determine v(x).
9
Let d(t) = -5*t**2 - 27*t + 179. Let x(j) = -12*j**2 - 54*j + 362. Let v(a) = -7*d(a) + 3*x(a). Give v(9).
-5
Let y(c) be the second derivative of 5*c**3/6 + 79*c**2/2 + 184*c. What is y(-14)?
9
Let o(w) = 2*w**2 - w - 5. Let v be o(2). Let n(h) = 177*h + 0 - 2*h**2 - 3 - 89*h + h**3 - 89*h - v. Calculate n(3).
2
Let q(n) = -386*n - 5020. Let a be q(-13). Let b(x) = 7*x**3 - x**2 + 3*x. Calculate b(a).
-66
Let l(h) = h**3 + 5*h**2 - h - 5. Suppose 4*i + 4*v = v + 24, 3*v - 12 = 0. Let x be i/(-4) - (-255)/(-60). Calculate l(x).
0
Let b(o) be the first derivative of -3*o**2/2 + 64*o - 681. What is b(13)?
25
Suppose 0 = 668*l - 113 - 1748 - 1479. Let i(n) = -n**3 - 7*n + 5. Calculate i(l).
-155
Let q(w) = -w**3 + 4*w**2 + 7*w - 1. Suppose -152 = -17*i + 1. Let b(v) = 2*v**2 - 16*v - 13. Let r be b(i). Let g be q(r). Let h(l) = -l + 10. Determine h(g).
1
Let d(k) = 65*k**2 + 2*k - 4. Let n be d(0). Let a(o) = -o**2 - 4*o + 2. Let t be a(-4). Let y(h) = 3*h**2 + 6*h + 0*h**t - 2*h**2 + 2. What is y(n)?
-6
Let h(l) = -l**2 - 2*l - 1. Let g(s) = s**3 + 9*s**2 + 15*s + 4. Let t be g(-2). Let i(a) = 7*a**2 - 2*a - 3. Let m(d) = t*h(d) - i(d). What is m(1)?
-10
Let w(v) = v**2 - 7*v - 3. Suppose 13522*r - 13544*r - 44 = 0. What is w(r)?
15
Let v(h) = -2 + 23*h**2 + 63*h - 82*h - 25*h - 16 + 3*h**3 - 4*h**3. Determine v(21).
-60
Suppose -298 = -3*j + 62. Suppose y - 11 = -3*q + 25, 0 = -5*y + 5*q + j. Suppose 2*f + y = 5*k, 16 = 4*k - f + 5*f. Let m(w) = -w**2 + 3*w + 2. What is m(k)?
-8
Let l = -1797 - -1796. Let c(t) = -3*t - 11*t - 1 + 15*t. Calculate c(l).
-2
Let b(j) = -3*j - 1. Let n(g) = 4*g + 1. Let o = -111 + 115. Let w(i) = o*n(i) + 5*b(i). Calculate w(1).
0
Let p(i) = 3*i - 6. Let z be ((-81)/(-18) - -2) + (-1)/2. Let g(m) = 2*m - 6. Let r be g(z). What is p(r)?
12
Let x(v) = 3*v**2 - 9*v - 2. Let k(p) = p**2 - 3*p + 1. Let j(z) = -4*k(z) + x(z). Suppose 4*q + 6 = h + 25, 0 = -5*q - 2*h + 14. What is j(q)?
-10
Let d(u) be the second derivative of u**6/180 - u**4/24 + 49*u**3/6 - 33*u - 1. Let f(z) be the second derivative of d(z). Give f(-1).
1
Let j(a) be the second derivative of a**4/12 + 7*a**3/6 + a**2/2 - 3*a. Suppose -150 - 48 = 109*u + 565. What is j(u)?
1
Let t(j) be the second derivative of 0 + 11*j - 1/6*j**3 + 0*j**4 - 7/20*j**5 - 1/2*j**2. Calculate t(-1).
7
Let k(m) = 2*m**2 - 7*m + 7. Suppose 4*n + 12 = 0, 5*i - 3*n - 138 = -94. Determine k(i).
56
Let s = -85 - -163. Let z = s + -82. Let w(m) be the second derivative of m**5/20 + 5*m**4/12 - m**3/6 - 3*m. What is w(z)?
20
Let o(w) = -w**2 + 5*w + 7. Let c(i) = -6*i - 145. Let f be c(-29). Let g = 36 - f. What is o(g)?
-7
Let a be ((-2)/(0 + 2))/(2/(-4)). Let x(f) = 2 + 43*f - 35*f - 6*f - f**a. Give x(-3).
-13
Let k(l) = 4*l**2 + 94*l - 299. Let m(o) = -o**2 - 19*o + 57. Let q(a) = -2*k(a) - 11*m(a). Determine q(-8).
-5
Let n be (-2)/(-3) - 1 - (-414770)/222. Let o(f) = 1869*f + 2 - 5 - n*f. Calculate o(6).
3
Let y(i) = -4*i**3 - 3*i**2 + 2. Let f be -3 + 0 - 1/(-4 + 3). Let u be y(f). Suppose -u = 3*t + j, t + 4 = 3*j - 10. Let k(z) = -z - 10. Give k(t).
-2
Let v(u) = -u**3 + 13*u**2 + 8. Let b(z) = -z**2 - 24*z + 187. Let k be b(-30). Suppose 104 = y + k*y. Calculate v(y).
8
Let k(w) be the first derivative of w**3/3 + 4*w**2 - 11*w - 1310. Give k(-11).
22
Let w(r) = -3*r**2 + 54*r - 5. Let x be w(19). Let b = -60 - x. Let u(h) = -2*h - 1. What is u(b)?
-5
Let y(h) = h + 3. Let r = 236 - 213. Let s(o) = -4*o + 94. Let g be s(r). Calculate y(g).
5
Let r be ((-132)/144 + (-1)/3)/(2/16). Let i(g) = -g**3 - 12*g**2 - 14*g - 3. Give i(r).
-63
Suppose -4*b = -8, -4*y + 4 = 22*b - 16*b. Let d(q) be the first derivative of -1 - 3*q + 1/4*q**4 - 3/2*q**2 + q**3. What is d(y)?
7
Let s(r) = r**3 + 58*r**2 - 129*r - 266. Let c(p) = -p**3 - 58*p**2 + 128*p + 273. Let f(u) = 4*c(u) + 3*s(u). What is f(-60)?
-6
Let c = -2317 + 2325. Let j(r) = 4*r**3 - 8*r**2 + 2*r - 7. Let u(i) = i**3 + 1. Let x(l) = -j(l) + 3*u(l). What is x(c)?
-6
Let t(b) = -b**3 - 11*b**2 - 20*b - 13. Let r be t(-9). Let x(a) = 9*a - 21 + r*a + 2*a - 15*a. Determine x(0).
-21
Let q(n) = -3 - n**3 + 5*n**2 + 283*n - 132*n - 146*n. Let z = -3 - -11. Let l = 14 - z. Determine q(l).
-9
Let l = 160 + -164. Suppose -w + 4*w - 165 = 0. Let y(z) = -w - 61 - 5*z + 119 - z**2. Determine y(l).
7
Let l(p) = p**3 + 6*p**2 - 2*p - 7. Suppose -498 + 468 = 5*v. Calculate l(v).
5
Let t(g) be the third derivative of -g**5/60 - 5*g**4/24 + 7*g**3/6 - 21*g**2. Suppose 2*r - 24 = 12. Suppose -26*s = -23*s + r. Determine t(s).
1
Let l(n) = -n**3 + 8*n**2 + n + 4. Let x(f) = -29 - 9 - 12*f - 4 + 17*f. Let j be x(10). Give l(j).
12
Let b(f) = -3677*f - 91*f**2 + 7 + 90*f**2 + 3689*f. Calculate b(-8).
-153
Let f = -14189 - -14184. Let i(l) = -2*l**2 - 8*l + 14. Calculate i(f).
4
Let m(b) = 44 - 14 + 10*b**3 - b**2 - 11*b**3 - 2*b - 11 - 20. Suppose -3*w = 8*c - 3*c + 16, -4*w + 3*c = 2. Calculate m(w).
7
Let o(a) = -a**2 + 12*a + 249. Let t be o(23). Let m(h) be the second derivative of 2*h**2 - 2*h - 1/2*h**3 + 1/6*h**4 + 0 + 1/20*h**5. Determine m(t).
-16
Let v(r) = 5*r + 62. Let i